{"id":696226,"date":"2026-03-16T16:20:32","date_gmt":"2026-03-16T15:20:32","guid":{"rendered":"https:\/\/shop.kustom.ch\/?post_type=product&#038;p=696226"},"modified":"2026-03-31T08:58:37","modified_gmt":"2026-03-31T07:58:37","slug":"flammschutz-guertel-stretch-2","status":"publish","type":"product","link":"https:\/\/shop.kustom.ch\/en\/product\/flammschutz-guertel-stretch-2\/","title":{"rendered":"Flame protection belt stretch"},"content":{"rendered":"<p>Flame protection belt with stretch and a flame-retardant plastic buckle with Bl\u00e5kl\u00e4der logo. Tested according to EN ISO 11612 - protection against heat and flames. Length: 130 cm.<\/p>\n<p>63 % modacrylic, 37 % elastane<\/p>","protected":false},"excerpt":{"rendered":"<p>Flammschutz G\u00fcrtel mit Stretch und einer flammhemmenden Kunststoff-Schnalle mit Bl\u00e5kl\u00e4der-Logo. Gepr\u00fcft nach EN ISO 11612 \u2013 Schutz vor Hitze und Flammen. L\u00e4nge: 130 cm. 63 % Modacryl, 37 % Elastan<\/p>","protected":false},"featured_media":696227,"template":"","meta":[],"product_brand":[],"product_cat":[4209],"product_tag":[],"class_list":{"0":"post-696226","1":"product","2":"type-product","3":"status-publish","4":"has-post-thumbnail","6":"product_cat-zubehoer","7":"pa_brand-blaklaeder","8":"pa_brand-type-workwear","9":"pa_filter-color-schwarz","11":"first","12":"instock","13":"sale","14":"taxable","15":"shipping-taxable","16":"purchasable","17":"product-type-variable","18":"add-to-wishlist-before_image"},"exclude_global_add_ons":[],"addons":[],"acf":[],"_links":{"self":[{"href":"https:\/\/shop.kustom.ch\/en\/wp-json\/wp\/v2\/product\/696226"}],"collection":[{"href":"https:\/\/shop.kustom.ch\/en\/wp-json\/wp\/v2\/product"}],"about":[{"href":"https:\/\/shop.kustom.ch\/en\/wp-json\/wp\/v2\/types\/product"}],"wp:featuredmedia":[{"embeddable":true,"href":"https:\/\/shop.kustom.ch\/en\/wp-json\/wp\/v2\/media\/696227"}],"wp:attachment":[{"href":"https:\/\/shop.kustom.ch\/en\/wp-json\/wp\/v2\/media?parent=696226"}],"wp:term":[{"taxonomy":"product_brand","embeddable":true,"href":"https:\/\/shop.kustom.ch\/en\/wp-json\/wp\/v2\/product_brand?post=696226"},{"taxonomy":"product_cat","embeddable":true,"href":"https:\/\/shop.kustom.ch\/en\/wp-json\/wp\/v2\/product_cat?post=696226"},{"taxonomy":"product_tag","embeddable":true,"href":"https:\/\/shop.kustom.ch\/en\/wp-json\/wp\/v2\/product_tag?post=696226"}],"curies":[{"name":"wp","href":"https:\/\/api.w.org\/{rel}","templated":true}]}}

<p>Flame protection belt with stretch and a flame-retardant plastic buckle with Blåkläder logo. Tested according to EN ISO 11612 - protection against heat and flames. Length: 130 cm.</p>
<p>63 % modacrylic, 37 % elastane</p>

<p>Flammschutz Gürtel mit Stretch und einer flammhemmenden Kunststoff-Schnalle mit Blåkläder-Logo. Geprüft nach EN ISO 11612 – Schutz vor Hitze und Flammen. Länge: 130 cm. 63 % Modacryl, 37 % Elastan</p>
