{"id":696045,"date":"2026-03-16T16:18:24","date_gmt":"2026-03-16T15:18:24","guid":{"rendered":"https:\/\/shop.kustom.ch\/?post_type=product&#038;p=696045"},"modified":"2026-03-31T08:56:04","modified_gmt":"2026-03-31T07:56:04","slug":"damen-kapuzenjacke-2","status":"publish","type":"product","link":"https:\/\/shop.kustom.ch\/en\/product\/damen-kapuzenjacke-2\/","title":{"rendered":"Ladies hooded jacket"},"content":{"rendered":"<p>A stylish hooded jacket that is suitable for both work and leisure. This polyester hooded jacket has a full-length two-way zip and a cosy, slightly higher neckline on the hood. Drawstring at the hem. The discreet black reflective details can be found on both the front and the hood and, to top it all off, there is a chest pocket with excellent customisation options. Also available as men's model 3540.<\/p>\n<p>100% polyester, piqu\u00e9 fleece, brushed on one side, 260 g\/m\u00b2<\/p>","protected":false},"excerpt":{"rendered":"<p>Eine schicke Kapuzenjacke, die sich sowohl f\u00fcr die Arbeit als auch f\u00fcr die Freizeit eignet. Diese Kapuzenjacke aus Polyester hat einen durchgehenden Zwei-Wege-Reissverschluss und einen gem\u00fctlichen, etwas h\u00f6heren Halsausschnitt an der Kapuze. Kordelzug am Saum. Die dezenten schwarzen Reflexdetails befinden sich sowohl auf der Vorderseite als auch auf der Kapuze und als Kr\u00f6nung gibt es [&hellip;]<\/p>\n","protected":false},"featured_media":696046,"template":"","meta":[],"product_brand":[],"product_cat":[4186],"product_tag":[],"class_list":{"0":"post-696045","1":"product","2":"type-product","3":"status-publish","4":"has-post-thumbnail","6":"product_cat-jacken","7":"pa_brand-blaklaeder","8":"pa_brand-type-workwear","9":"pa_filter-color-gruen","10":"pa_filter-color-rot","11":"pa_filter-color-schwarz","13":"first","14":"instock","15":"sale","16":"taxable","17":"shipping-taxable","18":"purchasable","19":"product-type-variable","20":"add-to-wishlist-before_image"},"exclude_global_add_ons":[],"addons":[],"acf":[],"_links":{"self":[{"href":"https:\/\/shop.kustom.ch\/en\/wp-json\/wp\/v2\/product\/696045"}],"collection":[{"href":"https:\/\/shop.kustom.ch\/en\/wp-json\/wp\/v2\/product"}],"about":[{"href":"https:\/\/shop.kustom.ch\/en\/wp-json\/wp\/v2\/types\/product"}],"wp:featuredmedia":[{"embeddable":true,"href":"https:\/\/shop.kustom.ch\/en\/wp-json\/wp\/v2\/media\/696046"}],"wp:attachment":[{"href":"https:\/\/shop.kustom.ch\/en\/wp-json\/wp\/v2\/media?parent=696045"}],"wp:term":[{"taxonomy":"product_brand","embeddable":true,"href":"https:\/\/shop.kustom.ch\/en\/wp-json\/wp\/v2\/product_brand?post=696045"},{"taxonomy":"product_cat","embeddable":true,"href":"https:\/\/shop.kustom.ch\/en\/wp-json\/wp\/v2\/product_cat?post=696045"},{"taxonomy":"product_tag","embeddable":true,"href":"https:\/\/shop.kustom.ch\/en\/wp-json\/wp\/v2\/product_tag?post=696045"}],"curies":[{"name":"wp","href":"https:\/\/api.w.org\/{rel}","templated":true}]}}

<p>A stylish hooded jacket that is suitable for both work and leisure. This polyester hooded jacket has a full-length two-way zip and a cosy, slightly higher neckline on the hood. Drawstring at the hem. The discreet black reflective details can be found on both the front and the hood and, to top it all off, there is a chest pocket with excellent customisation options. Also available as men's model 3540.</p>
<p>100% polyester, piqué fleece, brushed on one side, 260 g/m²</p>

<p>Eine schicke Kapuzenjacke, die sich sowohl für die Arbeit als auch für die Freizeit eignet. Diese Kapuzenjacke aus Polyester hat einen durchgehenden Zwei-Wege-Reissverschluss und einen gemütlichen, etwas höheren Halsausschnitt an der Kapuze. Kordelzug am Saum. Die dezenten schwarzen Reflexdetails befinden sich sowohl auf der Vorderseite als auch auf der Kapuze und als Krönung gibt es [&hellip;]</p>
