{"id":695217,"date":"2026-03-16T16:04:14","date_gmt":"2026-03-16T15:04:14","guid":{"rendered":"https:\/\/shop.kustom.ch\/produkt\/blaklaeder-toolrig-tasche-fuer-elektriker\/"},"modified":"2026-03-31T08:43:58","modified_gmt":"2026-03-31T07:43:58","slug":"blaklaeder-toolrig-tasche-fuer-elektriker","status":"publish","type":"product","link":"https:\/\/shop.kustom.ch\/en\/product\/blaklaeder-toolrig-tasche-fuer-elektriker\/","title":{"rendered":"Bl\u00e5kl\u00e4der ToolRig\u2122 bag for electricians"},"content":{"rendered":"<p>Specially developed for electricians, but equally useful for all other jobs where organisation and clarity are important. The bag is easy to attach using the Bl\u00e5kl\u00e4der ToolRig\u2122 system and is suitable for both trousers and accessories, allowing effortless adjustments during the working day. The construction is robust and dimensionally stable so that the openings remain open and allow good organisation and quick access. Inside, there are six narrow compartments in which screwdrivers can be stored safely and within easy reach. Further out, there are three deeper compartments for pliers and similar tools to keep them quickly to hand. Straps on the outside allow additional accessories to be attached.<\/p>","protected":false},"excerpt":{"rendered":"<p>Speziell entwickelt f\u00fcr Elektriker:innen, aber ebenso n\u00fctzlich f\u00fcr alle anderen Arbeiten, bei denen es auf Ordnung und \u00dcbersichtlichkeit ankommt. Die Tasche l\u00e4sst sich \u00fcber das Bl\u00e5kl\u00e4der ToolRig\u2122 System einfach befestigen und ist sowohl f\u00fcr Hosen als auch f\u00fcr Zubeh\u00f6r geeignet, was m\u00fchelose Anpassungen im Laufe des Arbeitstages erm\u00f6glicht. Die Konstruktion ist robust und formstabil, sodass [&hellip;]<\/p>\n","protected":false},"featured_media":695216,"template":"","meta":[],"product_brand":[],"product_cat":[4209],"product_tag":[],"class_list":{"0":"post-695217","1":"product","2":"type-product","3":"status-publish","4":"has-post-thumbnail","6":"product_cat-zubehoer","7":"pa_brand-blaklaeder","8":"pa_brand-type-workwear","9":"pa_filter-color-schwarz","11":"first","12":"instock","13":"sale","14":"taxable","15":"shipping-taxable","16":"purchasable","17":"product-type-variable","18":"add-to-wishlist-before_image"},"exclude_global_add_ons":[],"addons":[],"acf":[],"_links":{"self":[{"href":"https:\/\/shop.kustom.ch\/en\/wp-json\/wp\/v2\/product\/695217"}],"collection":[{"href":"https:\/\/shop.kustom.ch\/en\/wp-json\/wp\/v2\/product"}],"about":[{"href":"https:\/\/shop.kustom.ch\/en\/wp-json\/wp\/v2\/types\/product"}],"wp:featuredmedia":[{"embeddable":true,"href":"https:\/\/shop.kustom.ch\/en\/wp-json\/wp\/v2\/media\/695216"}],"wp:attachment":[{"href":"https:\/\/shop.kustom.ch\/en\/wp-json\/wp\/v2\/media?parent=695217"}],"wp:term":[{"taxonomy":"product_brand","embeddable":true,"href":"https:\/\/shop.kustom.ch\/en\/wp-json\/wp\/v2\/product_brand?post=695217"},{"taxonomy":"product_cat","embeddable":true,"href":"https:\/\/shop.kustom.ch\/en\/wp-json\/wp\/v2\/product_cat?post=695217"},{"taxonomy":"product_tag","embeddable":true,"href":"https:\/\/shop.kustom.ch\/en\/wp-json\/wp\/v2\/product_tag?post=695217"}],"curies":[{"name":"wp","href":"https:\/\/api.w.org\/{rel}","templated":true}]}}

Blåkläder ToolRig™ bag for electricians

<p>Specially developed for electricians, but equally useful for all other jobs where organisation and clarity are important. The bag is easy to attach using the Blåkläder ToolRig™ system and is suitable for both trousers and accessories, allowing effortless adjustments during the working day. The construction is robust and dimensionally stable so that the openings remain open and allow good organisation and quick access. Inside, there are six narrow compartments in which screwdrivers can be stored safely and within easy reach. Further out, there are three deeper compartments for pliers and similar tools to keep them quickly to hand. Straps on the outside allow additional accessories to be attached.</p>

<p>Speziell entwickelt für Elektriker:innen, aber ebenso nützlich für alle anderen Arbeiten, bei denen es auf Ordnung und Übersichtlichkeit ankommt. Die Tasche lässt sich über das Blåkläder ToolRig™ System einfach befestigen und ist sowohl für Hosen als auch für Zubehör geeignet, was mühelose Anpassungen im Laufe des Arbeitstages ermöglicht. Die Konstruktion ist robust und formstabil, sodass [&hellip;]</p>
