{"id":695209,"date":"2026-03-16T16:03:54","date_gmt":"2026-03-16T15:03:54","guid":{"rendered":"https:\/\/shop.kustom.ch\/?post_type=product&#038;p=695209"},"modified":"2026-03-31T08:43:58","modified_gmt":"2026-03-31T07:43:58","slug":"blaklaeder-toolrig-tasche-fuer-schreiner","status":"publish","type":"product","link":"https:\/\/shop.kustom.ch\/en\/product\/blaklaeder-toolrig-tasche-fuer-schreiner\/","title":{"rendered":"Bl\u00e5kl\u00e4der ToolRig\u2122 bag for carpenters"},"content":{"rendered":"<p>Specially developed for carpenters, but equally useful for all other jobs where organisation and clarity are important. The bag is easy to attach using the Bl\u00e5kl\u00e4der ToolRig\u2122 system and is suitable for both trousers and accessories, allowing for effortless adjustments during the working day. The construction is robust and dimensionally stable so that the openings remain open and easily accessible. The bag has compartments for a folding rule and a stop square. There are also four deeper inner compartments and three deeper outer compartments for secure storage of tools and smaller parts. Straps on the outside allow additional accessories to be attached.<\/p>","protected":false},"excerpt":{"rendered":"<p>Speziell entwickelt f\u00fcr Schreiner:innen, aber ebenso n\u00fctzlich f\u00fcr alle anderen Arbeiten, bei denen es auf Ordnung und \u00dcbersichtlichkeit ankommt. Der Beutel l\u00e4sst sich \u00fcber das Bl\u00e5kl\u00e4der ToolRig\u2122 System einfach befestigen und ist sowohl f\u00fcr Hosen als auch f\u00fcr Zubeh\u00f6r geeignet, was m\u00fchelose Anpassungen im Laufe des Arbeitstages erm\u00f6glicht. Die Konstruktion ist robust und formstabil, sodass [&hellip;]<\/p>\n","protected":false},"featured_media":695214,"template":"","meta":[],"product_brand":[],"product_cat":[4209],"product_tag":[],"class_list":{"0":"post-695209","1":"product","2":"type-product","3":"status-publish","4":"has-post-thumbnail","6":"product_cat-zubehoer","7":"pa_brand-blaklaeder","8":"pa_brand-type-workwear","9":"pa_filter-color-schwarz","11":"first","12":"instock","13":"sale","14":"taxable","15":"shipping-taxable","16":"purchasable","17":"product-type-variable","18":"add-to-wishlist-before_image"},"exclude_global_add_ons":[],"addons":[],"acf":[],"_links":{"self":[{"href":"https:\/\/shop.kustom.ch\/en\/wp-json\/wp\/v2\/product\/695209"}],"collection":[{"href":"https:\/\/shop.kustom.ch\/en\/wp-json\/wp\/v2\/product"}],"about":[{"href":"https:\/\/shop.kustom.ch\/en\/wp-json\/wp\/v2\/types\/product"}],"wp:featuredmedia":[{"embeddable":true,"href":"https:\/\/shop.kustom.ch\/en\/wp-json\/wp\/v2\/media\/695214"}],"wp:attachment":[{"href":"https:\/\/shop.kustom.ch\/en\/wp-json\/wp\/v2\/media?parent=695209"}],"wp:term":[{"taxonomy":"product_brand","embeddable":true,"href":"https:\/\/shop.kustom.ch\/en\/wp-json\/wp\/v2\/product_brand?post=695209"},{"taxonomy":"product_cat","embeddable":true,"href":"https:\/\/shop.kustom.ch\/en\/wp-json\/wp\/v2\/product_cat?post=695209"},{"taxonomy":"product_tag","embeddable":true,"href":"https:\/\/shop.kustom.ch\/en\/wp-json\/wp\/v2\/product_tag?post=695209"}],"curies":[{"name":"wp","href":"https:\/\/api.w.org\/{rel}","templated":true}]}}

Blåkläder ToolRig™ bag for carpenters

<p>Specially developed for carpenters, but equally useful for all other jobs where organisation and clarity are important. The bag is easy to attach using the Blåkläder ToolRig™ system and is suitable for both trousers and accessories, allowing for effortless adjustments during the working day. The construction is robust and dimensionally stable so that the openings remain open and easily accessible. The bag has compartments for a folding rule and a stop square. There are also four deeper inner compartments and three deeper outer compartments for secure storage of tools and smaller parts. Straps on the outside allow additional accessories to be attached.</p>

<p>Speziell entwickelt für Schreiner:innen, aber ebenso nützlich für alle anderen Arbeiten, bei denen es auf Ordnung und Übersichtlichkeit ankommt. Der Beutel lässt sich über das Blåkläder ToolRig™ System einfach befestigen und ist sowohl für Hosen als auch für Zubehör geeignet, was mühelose Anpassungen im Laufe des Arbeitstages ermöglicht. Die Konstruktion ist robust und formstabil, sodass [&hellip;]</p>
