{"id":659261,"date":"2025-04-29T04:44:50","date_gmt":"2025-04-29T03:44:50","guid":{"rendered":"https:\/\/shop.kustom.ch\/?post_type=product&#038;p=659261"},"modified":"2026-03-31T08:39:06","modified_gmt":"2026-03-31T07:39:06","slug":"flammschutz-sturmhaube","status":"publish","type":"product","link":"https:\/\/shop.kustom.ch\/en\/product\/flammschutz-sturmhaube\/","title":{"rendered":"Flame protection balaclava"},"content":{"rendered":"<p>Balaclava that offers long-lasting protection against heat, flames and electric arcs thanks to its comfortable, flame-resistant material. The soft stretch material ensures a high level of comfort when working in hazardous environments. The garment is certified in accordance with EN ISO 14116, EN 1149-5 and quality 1764 is tested and approved in accordance with APC 1 and has an ELIM value of 7.3 cal\/cm\u00b2.<\/p>\n<p>DETAILS: External certification labels. WASHING INSTRUCTIONS: 60\u00b0 C. Do not bleach. Do not iron. Do not dry clean. Tumble dry - low. MAIN PROPERTIES: EN 1149-5. EN ISO 14116. FABRIC: black. Flame retardant. CERTIFICATION: EN 1149-5. EN ISO 14116, Index 3<\/p>\n<p>59% modacrylic, 39% cotton, 2% other fibres, rib knit, flame retardant, antistatic, 250g\/m\u00b2<\/p>","protected":false},"excerpt":{"rendered":"<p>Sturmhaube, die dank ihres bequemen, flammfesten Materials einen dauerhaften Schutz gegen Hitze, Flammen und Lichtbogen bietet. Das weiche Stretchmaterial sorgt f\u00fcr hohen Arbeitskomfort bei Arbeiten in gef\u00e4hrlichen Umgebungen. Das Kleidungsst\u00fcck ist nach EN ISO 14116, EN 1149-5 zertifiziert.Die Qualit\u00e4t 1764 ist nach APC 1 gepr\u00fcft und zugelassen und hat einen ELIM-Wert von 7,3 cal\/cm\u00b2. DETAILS: [&hellip;]<\/p>\n","protected":false},"featured_media":659305,"template":"","meta":[],"product_brand":[],"product_cat":[4209],"product_tag":[],"class_list":{"0":"post-659261","1":"product","2":"type-product","3":"status-publish","4":"has-post-thumbnail","6":"product_cat-zubehoer","7":"pa_brand-blaklaeder","8":"pa_brand-type-workwear","9":"pa_filter-color-schwarz","11":"first","12":"instock","13":"sale","14":"taxable","15":"shipping-taxable","16":"purchasable","17":"product-type-variable","18":"add-to-wishlist-before_image"},"exclude_global_add_ons":[],"addons":[],"acf":[],"_links":{"self":[{"href":"https:\/\/shop.kustom.ch\/en\/wp-json\/wp\/v2\/product\/659261"}],"collection":[{"href":"https:\/\/shop.kustom.ch\/en\/wp-json\/wp\/v2\/product"}],"about":[{"href":"https:\/\/shop.kustom.ch\/en\/wp-json\/wp\/v2\/types\/product"}],"wp:featuredmedia":[{"embeddable":true,"href":"https:\/\/shop.kustom.ch\/en\/wp-json\/wp\/v2\/media\/659305"}],"wp:attachment":[{"href":"https:\/\/shop.kustom.ch\/en\/wp-json\/wp\/v2\/media?parent=659261"}],"wp:term":[{"taxonomy":"product_brand","embeddable":true,"href":"https:\/\/shop.kustom.ch\/en\/wp-json\/wp\/v2\/product_brand?post=659261"},{"taxonomy":"product_cat","embeddable":true,"href":"https:\/\/shop.kustom.ch\/en\/wp-json\/wp\/v2\/product_cat?post=659261"},{"taxonomy":"product_tag","embeddable":true,"href":"https:\/\/shop.kustom.ch\/en\/wp-json\/wp\/v2\/product_tag?post=659261"}],"curies":[{"name":"wp","href":"https:\/\/api.w.org\/{rel}","templated":true}]}}

<p>Sturmhaube, die dank ihres bequemen, flammfesten Materials einen dauerhaften Schutz gegen Hitze, Flammen und Lichtbogen bietet. Das weiche Stretchmaterial sorgt für hohen Arbeitskomfort bei Arbeiten in gefährlichen Umgebungen. Das Kleidungsstück ist nach EN ISO 14116, EN 1149-5 zertifiziert.Die Qualität 1764 ist nach APC 1 geprüft und zugelassen und hat einen ELIM-Wert von 7,3 cal/cm². DETAILS: [&hellip;]</p>
