{"id":646632,"date":"2025-04-05T01:27:32","date_gmt":"2025-04-05T00:27:32","guid":{"rendered":"https:\/\/shop.kustom.ch\/?post_type=product&#038;p=646632"},"modified":"2026-03-31T10:33:41","modified_gmt":"2026-03-31T09:33:41","slug":"arches-vest-woman","status":"publish","type":"product","link":"https:\/\/shop.kustom.ch\/en\/product\/arches-vest-woman\/","title":{"rendered":"Arches Vest Woman"},"content":{"rendered":"<p>Our padded gilet, is made from 100% recycled polyester and designed to offer unrivalled comfort and functionality. This modern gilet features stylish, seam-concealed zipped pockets for discreet storage and a front and back panel for easy personalisation, making it uniquely yours. The adjustable hem with elasticated drawstring ensures customisable comfort, while the inner zip pocket provides a secure place for your essentials. For added comfort and protection, the gilet includes a chin guard. It also has a PFAS-free water repellent finish. Packed in a compostable organic bag.<\/p>\n<p>Material: Outer material : 100% recycled polyester 82 g\/m2. Lining : 100% recycled polyester 37 g\/m2. Filling : recycled quality. Oeko-Tex Standard 100. 140 g\/m2 body \/ 140 g\/m2 sleeves.<\/p>","protected":false},"excerpt":{"rendered":"<p>Unsere wattierte Weste, ist aus 100% Recycling-Polyester gefertigt und entwickelt, um unvergleichlichen Komfort und Funktionalit\u00e4t zu bieten. Diese moderne Weste verf\u00fcgt \u00fcber elegante, nahtverdeckte Reissverschlusstaschen f\u00fcr diskreten Stauraum und ein Vorder- und R\u00fcckenteil f\u00fcr einfache Personalisierung, wodurch sie einzigartig wird. Der verstellbare Saum mit elastischem Kordelzug sorgt f\u00fcr individuell anpassbaren Komfort, w\u00e4hrend die innere Reissverschlusstasche [&hellip;]<\/p>\n","protected":false},"featured_media":646675,"template":"","meta":[],"product_brand":[],"product_cat":[4208],"product_tag":[],"class_list":{"0":"post-646632","1":"product","2":"type-product","3":"status-publish","4":"has-post-thumbnail","6":"product_cat-westen","7":"pa_brand-harvest","8":"pa_brand-type-workwear","9":"pa_filter-color-blau","10":"pa_filter-color-grau","11":"pa_filter-color-rot","12":"pa_filter-color-schwarz","14":"first","15":"instock","16":"sale","17":"taxable","18":"shipping-taxable","19":"purchasable","20":"product-type-variable","21":"add-to-wishlist-before_image"},"exclude_global_add_ons":[],"addons":[],"acf":[],"_links":{"self":[{"href":"https:\/\/shop.kustom.ch\/en\/wp-json\/wp\/v2\/product\/646632"}],"collection":[{"href":"https:\/\/shop.kustom.ch\/en\/wp-json\/wp\/v2\/product"}],"about":[{"href":"https:\/\/shop.kustom.ch\/en\/wp-json\/wp\/v2\/types\/product"}],"wp:featuredmedia":[{"embeddable":true,"href":"https:\/\/shop.kustom.ch\/en\/wp-json\/wp\/v2\/media\/646675"}],"wp:attachment":[{"href":"https:\/\/shop.kustom.ch\/en\/wp-json\/wp\/v2\/media?parent=646632"}],"wp:term":[{"taxonomy":"product_brand","embeddable":true,"href":"https:\/\/shop.kustom.ch\/en\/wp-json\/wp\/v2\/product_brand?post=646632"},{"taxonomy":"product_cat","embeddable":true,"href":"https:\/\/shop.kustom.ch\/en\/wp-json\/wp\/v2\/product_cat?post=646632"},{"taxonomy":"product_tag","embeddable":true,"href":"https:\/\/shop.kustom.ch\/en\/wp-json\/wp\/v2\/product_tag?post=646632"}],"curies":[{"name":"wp","href":"https:\/\/api.w.org\/{rel}","templated":true}]}}

<p>Unsere wattierte Weste, ist aus 100% Recycling-Polyester gefertigt und entwickelt, um unvergleichlichen Komfort und Funktionalität zu bieten. Diese moderne Weste verfügt über elegante, nahtverdeckte Reissverschlusstaschen für diskreten Stauraum und ein Vorder- und Rückenteil für einfache Personalisierung, wodurch sie einzigartig wird. Der verstellbare Saum mit elastischem Kordelzug sorgt für individuell anpassbaren Komfort, während die innere Reissverschlusstasche [&hellip;]</p>
