{"id":643474,"date":"2025-04-03T21:48:31","date_gmt":"2025-04-03T20:48:31","guid":{"rendered":"https:\/\/shop.kustom.ch\/?post_type=product&#038;p=643474"},"modified":"2026-03-31T11:28:06","modified_gmt":"2026-03-31T10:28:06","slug":"dew-point-parka-men","status":"publish","type":"product","link":"https:\/\/shop.kustom.ch\/en\/product\/dew-point-parka-men\/","title":{"rendered":"Dew Point Parka Men"},"content":{"rendered":"<p>The Dew Point Parka is waterproof and offers excellent breathability and ventilation thanks to a concealed storm hood in the collar. With a waterproof rating of 10,000, you can spend several hours in the rain, and the taped seams and water-repellent zips ensure you stay dry. The hood can be adjusted to customise the fit and can also be removed when not needed. The jacket has adjustable cuffs that can be tightened in extreme weather conditions. The jacket is also stretchy and has articulated sleeves to provide optimum freedom of movement without the sleeves riding up when fully stretched. A comfortable, practical and stylish parka that is sure to become a favourite.<\/p>\n<p>- MPC Extreme Shell<br \/>\n- 2.5-layer stretch<br \/>\n- WP 10 000 mm, MP 10 000 gr\/m2\/24h<br \/>\n- PFC-free water-repellent coating<\/p>\n<p>Material: 50% recycled polyester, 50% polyester<\/p>","protected":false},"excerpt":{"rendered":"<p>Der Dew Point Parka ist wasserdicht und bietet hervorragende Atmungsaktivit\u00e4t und Bel\u00fcftung dank einer versteckten Sturmkapuze im Kragen. Mit einer Wasserdichtigkeitsbewertung von 10&#8217;000 k\u00f6nnen Sie mehrere Stunden im Regen verbringen, und die versiegelten N\u00e4hte und wasserabweisenden Reissverschl\u00fcsse sorgen daf\u00fcr, dass Sie trocken bleiben. Die Kapuze kann angepasst werden, um die Passform zu individualisieren und kann [&hellip;]<\/p>\n","protected":false},"featured_media":643498,"template":"","meta":[],"product_brand":[],"product_cat":[4186],"product_tag":[],"class_list":{"0":"post-643474","1":"product","2":"type-product","3":"status-publish","4":"has-post-thumbnail","6":"product_cat-jacken","7":"pa_brand-tenson","8":"pa_brand-type-sportswear","9":"pa_filter-color-blau","10":"pa_filter-color-schwarz","12":"first","13":"instock","14":"sale","15":"taxable","16":"shipping-taxable","17":"purchasable","18":"product-type-variable","19":"add-to-wishlist-before_image"},"exclude_global_add_ons":[],"addons":[],"acf":[],"_links":{"self":[{"href":"https:\/\/shop.kustom.ch\/en\/wp-json\/wp\/v2\/product\/643474"}],"collection":[{"href":"https:\/\/shop.kustom.ch\/en\/wp-json\/wp\/v2\/product"}],"about":[{"href":"https:\/\/shop.kustom.ch\/en\/wp-json\/wp\/v2\/types\/product"}],"wp:featuredmedia":[{"embeddable":true,"href":"https:\/\/shop.kustom.ch\/en\/wp-json\/wp\/v2\/media\/643498"}],"wp:attachment":[{"href":"https:\/\/shop.kustom.ch\/en\/wp-json\/wp\/v2\/media?parent=643474"}],"wp:term":[{"taxonomy":"product_brand","embeddable":true,"href":"https:\/\/shop.kustom.ch\/en\/wp-json\/wp\/v2\/product_brand?post=643474"},{"taxonomy":"product_cat","embeddable":true,"href":"https:\/\/shop.kustom.ch\/en\/wp-json\/wp\/v2\/product_cat?post=643474"},{"taxonomy":"product_tag","embeddable":true,"href":"https:\/\/shop.kustom.ch\/en\/wp-json\/wp\/v2\/product_tag?post=643474"}],"curies":[{"name":"wp","href":"https:\/\/api.w.org\/{rel}","templated":true}]}}

<p>Der Dew Point Parka ist wasserdicht und bietet hervorragende Atmungsaktivität und Belüftung dank einer versteckten Sturmkapuze im Kragen. Mit einer Wasserdichtigkeitsbewertung von 10&#8217;000 können Sie mehrere Stunden im Regen verbringen, und die versiegelten Nähte und wasserabweisenden Reissverschlüsse sorgen dafür, dass Sie trocken bleiben. Die Kapuze kann angepasst werden, um die Passform zu individualisieren und kann [&hellip;]</p>
