{"id":636373,"date":"2025-03-22T03:33:00","date_gmt":"2025-03-22T02:33:00","guid":{"rendered":"https:\/\/shop.kustom.ch\/?post_type=product&#038;p=636373"},"modified":"2026-03-27T14:01:32","modified_gmt":"2026-03-27T13:01:32","slug":"adv-essence-short-tights-2-m","status":"publish","type":"product","link":"https:\/\/shop.kustom.ch\/en\/product\/adv-essence-short-tights-2-m\/","title":{"rendered":"ADV Essence Short Tights 2 M"},"content":{"rendered":"<p>These short training tights offer an outstanding fit and excellent function during high-intensity training sessions. The tights are made from recycled polyester elastane jersey and feature an elasticated waistband with drawstring, a key pocket on the waistband and a large mobile phone pocket.<\/p>\n<p>- Jersey made from recycled polyester and elastane<br \/>\n- Elasticated waistband with drawstring<br \/>\n- Mobile phone pocket on the right leg<br \/>\n- Key pocket at the waist<\/p>\n<p>Material: 72% recycled polyester, 28% elastane<\/p>","protected":false},"excerpt":{"rendered":"<p>Diese kurzen Trainingstights bieten eine hervorragende Passform und eine ausgezeichnete Funktion bei hochintensiven Trainingseinheiten. Die Tights sind aus recyceltem Polyester-Elastan-Jersey gefertigt und verf\u00fcgt \u00fcber einen elastischen Bund mit Kordelzug, eine Schl\u00fcsseltasche am Bund und eine grosse Handytasche. \u2022 Jersey aus recyceltem Polyester und Elastan \u2022 Elastischer Bund mit Kordelzug \u2022 Handytasche am rechten Bein \u2022 [&hellip;]<\/p>\n","protected":false},"featured_media":625181,"template":"","meta":[],"product_brand":[],"product_cat":[4190],"product_tag":[],"class_list":{"0":"post-636373","1":"product","2":"type-product","3":"status-publish","4":"has-post-thumbnail","6":"product_cat-leggings","7":"pa_brand-craft-retail-sportswear","8":"pa_brand-type-sportswear","9":"pa_filter-color-schwarz","11":"first","12":"instock","13":"sale","14":"taxable","15":"shipping-taxable","16":"purchasable","17":"product-type-variable","18":"add-to-wishlist-before_image"},"exclude_global_add_ons":[],"addons":[],"acf":[],"_links":{"self":[{"href":"https:\/\/shop.kustom.ch\/en\/wp-json\/wp\/v2\/product\/636373"}],"collection":[{"href":"https:\/\/shop.kustom.ch\/en\/wp-json\/wp\/v2\/product"}],"about":[{"href":"https:\/\/shop.kustom.ch\/en\/wp-json\/wp\/v2\/types\/product"}],"wp:featuredmedia":[{"embeddable":true,"href":"https:\/\/shop.kustom.ch\/en\/wp-json\/wp\/v2\/media\/625181"}],"wp:attachment":[{"href":"https:\/\/shop.kustom.ch\/en\/wp-json\/wp\/v2\/media?parent=636373"}],"wp:term":[{"taxonomy":"product_brand","embeddable":true,"href":"https:\/\/shop.kustom.ch\/en\/wp-json\/wp\/v2\/product_brand?post=636373"},{"taxonomy":"product_cat","embeddable":true,"href":"https:\/\/shop.kustom.ch\/en\/wp-json\/wp\/v2\/product_cat?post=636373"},{"taxonomy":"product_tag","embeddable":true,"href":"https:\/\/shop.kustom.ch\/en\/wp-json\/wp\/v2\/product_tag?post=636373"}],"curies":[{"name":"wp","href":"https:\/\/api.w.org\/{rel}","templated":true}]}}

<p>Diese kurzen Trainingstights bieten eine hervorragende Passform und eine ausgezeichnete Funktion bei hochintensiven Trainingseinheiten. Die Tights sind aus recyceltem Polyester-Elastan-Jersey gefertigt und verfügt über einen elastischen Bund mit Kordelzug, eine Schlüsseltasche am Bund und eine grosse Handytasche. • Jersey aus recyceltem Polyester und Elastan • Elastischer Bund mit Kordelzug • Handytasche am rechten Bein • [&hellip;]</p>
