{"id":599461,"date":"2025-03-05T02:21:53","date_gmt":"2025-03-05T01:21:53","guid":{"rendered":"https:\/\/shop.kustom.ch\/?post_type=product&#038;p=599461"},"modified":"2026-03-31T09:01:21","modified_gmt":"2026-03-31T08:01:21","slug":"leichte-gefuetterte-winterjacke-stretch","status":"publish","type":"product","link":"https:\/\/shop.kustom.ch\/en\/product\/leichte-gefuetterte-winterjacke-stretch\/","title":{"rendered":"Lightweight, lined stretch winter jacket"},"content":{"rendered":"<p>This air mesh-lined winter jacket is perfect for colder weather conditions. It is wind and waterproof, highly breathable and has taped seams. The jacket is made from a very comfortable and soft 4-way stretch material. Also available as women's model 4408.<\/p>\n<p>CLOSURE: Adjustable waistband with drawstring. Inner cuff with thumb hole. DETAILS: zip in the lining for easy textile finishing. Detachable hood with mesh lining. FRONT CLOSURE: Plastic zip. FUNCTIONALITY: Windproof &amp; waterproof material with breathability, taped seams. MAIN FEATURES: Floor layer. REFLEX: Reflective material on the sleeves. FABRIC: Men's. Breathability. Unite. POCKETS: Chest pocket with zip. Front pockets, one with D-ring. WASHING INSTRUCTIONS: Do not dry clean. CERTIFICATION: EN 342 together with Art. 1810. EN 343, Class 4.1. Not High Vis certified<\/p>\n<p>83% polyamide, 17% spandex, laminated, waterproof 15000 mm, windproof, breathable Ret 11.3, stretch, 170 g\/m\u00b2<\/p>","protected":false},"excerpt":{"rendered":"<p>Diese mit Air-Mesh gef\u00fctterte Winterjacke ist perfekt f\u00fcr k\u00e4ltere Wetterbedingungen. Sie ist wind- und wasserdicht, sehr atmungsaktiv und hat versiegelte N\u00e4hte. Die Jacke ist aus einem sehr bequemen und weichen 4-Wege-Stretchmaterial gefertigt. Auch als Damenmodell 4408 erh\u00e4ltlich. ABSCHLUSS: Verstellbarer Bund mit Kordelzug. Innenb\u00fcndchen mit Daumenloch. DETAILS: Reissverschluss im Futter, f\u00fcr einfache Textilveredelung. Abnehmbare Kapuze mit [&hellip;]<\/p>\n","protected":false},"featured_media":599516,"template":"","meta":[],"product_brand":[],"product_cat":[4186],"product_tag":[],"class_list":{"0":"post-599461","1":"product","2":"type-product","3":"status-publish","4":"has-post-thumbnail","6":"product_cat-jacken","7":"pa_brand-blaklaeder","8":"pa_brand-type-workwear","9":"pa_filter-color-blau","10":"pa_filter-color-gelb","11":"pa_filter-color-rot","12":"pa_filter-color-schwarz","14":"first","15":"instock","16":"sale","17":"taxable","18":"shipping-taxable","19":"purchasable","20":"product-type-variable","21":"add-to-wishlist-before_image"},"exclude_global_add_ons":[],"addons":[],"acf":[],"_links":{"self":[{"href":"https:\/\/shop.kustom.ch\/en\/wp-json\/wp\/v2\/product\/599461"}],"collection":[{"href":"https:\/\/shop.kustom.ch\/en\/wp-json\/wp\/v2\/product"}],"about":[{"href":"https:\/\/shop.kustom.ch\/en\/wp-json\/wp\/v2\/types\/product"}],"wp:featuredmedia":[{"embeddable":true,"href":"https:\/\/shop.kustom.ch\/en\/wp-json\/wp\/v2\/media\/599516"}],"wp:attachment":[{"href":"https:\/\/shop.kustom.ch\/en\/wp-json\/wp\/v2\/media?parent=599461"}],"wp:term":[{"taxonomy":"product_brand","embeddable":true,"href":"https:\/\/shop.kustom.ch\/en\/wp-json\/wp\/v2\/product_brand?post=599461"},{"taxonomy":"product_cat","embeddable":true,"href":"https:\/\/shop.kustom.ch\/en\/wp-json\/wp\/v2\/product_cat?post=599461"},{"taxonomy":"product_tag","embeddable":true,"href":"https:\/\/shop.kustom.ch\/en\/wp-json\/wp\/v2\/product_tag?post=599461"}],"curies":[{"name":"wp","href":"https:\/\/api.w.org\/{rel}","templated":true}]}}

<p>Diese mit Air-Mesh gefütterte Winterjacke ist perfekt für kältere Wetterbedingungen. Sie ist wind- und wasserdicht, sehr atmungsaktiv und hat versiegelte Nähte. Die Jacke ist aus einem sehr bequemen und weichen 4-Wege-Stretchmaterial gefertigt. Auch als Damenmodell 4408 erhältlich. ABSCHLUSS: Verstellbarer Bund mit Kordelzug. Innenbündchen mit Daumenloch. DETAILS: Reissverschluss im Futter, für einfache Textilveredelung. Abnehmbare Kapuze mit [&hellip;]</p>
