{"id":598451,"date":"2025-03-05T01:55:45","date_gmt":"2025-03-05T00:55:45","guid":{"rendered":"https:\/\/shop.kustom.ch\/?post_type=product&#038;p=598451"},"modified":"2026-03-31T09:05:51","modified_gmt":"2026-03-31T08:05:51","slug":"damen-microfleece-jacke-2","status":"publish","type":"product","link":"https:\/\/shop.kustom.ch\/en\/product\/damen-microfleece-jacke-2\/","title":{"rendered":"Ladies microfleece jacket"},"content":{"rendered":"<p>Lightweight, tailored microfleece jacket, perfect as a second layer underneath. This jacket has been treated to prevent pilling and features stretch fabric on the inside and arms for optimal freedom of movement. The extended back protects the kidney area from the cold. Both side pockets have zips.<\/p>\n<p>FINISH: Extended back. DETAILS: Logo print on the back of the neck. Stretch inserts on the sides and sleeves. FRONT CLOSURE: Two-way plastic zip. FUNCTIONALITY: Women's size. MAIN FEATURES: Floor layer. FABRIC: Available for women and men. Black. Wind \/ wet \/ cold. POCKETS: Front pockets with zip and two inside pockets. WASHING INSTRUCTIONS: Do not bleach. CERTIFICATION: Not High Vis certified.<\/p>\n<p>100 % polyester, microfleece, anti-pilling, 170 g\/m\u00b2<\/p>","protected":false},"excerpt":{"rendered":"<p>Leichte, tailliert geschnittene Microfleece-Jacke, perfekt als zweite Lage f\u00fcr darunter. Diese Jacke ist Antipilling behandelt und hat ein Stretch-Material an den Innenseiten und den Armen f\u00fcr eine optimale Bewegungsfreiheit. Der verl\u00e4ngerte R\u00fccken sch\u00fctzt den Nierenbereich vor K\u00e4lte. Beide Seitentaschen haben Reissverschl\u00fcsse. ABSCHLUSS: Verl\u00e4ngerter R\u00fccken. DETAILS: Logo-Aufdruck im Nacken. Stretch-Einsatz an der Seite und den \u00c4rmeln. [&hellip;]<\/p>\n","protected":false},"featured_media":598514,"template":"","meta":[],"product_brand":[],"product_cat":[4186],"product_tag":[],"class_list":{"0":"post-598451","1":"product","2":"type-product","3":"status-publish","4":"has-post-thumbnail","6":"product_cat-jacken","7":"pa_brand-blaklaeder","8":"pa_brand-type-workwear","9":"pa_filter-color-gelb","10":"pa_filter-color-rot","11":"pa_filter-color-schwarz","13":"first","14":"instock","15":"sale","16":"taxable","17":"shipping-taxable","18":"purchasable","19":"product-type-variable","20":"add-to-wishlist-before_image"},"exclude_global_add_ons":[],"addons":[],"acf":[],"_links":{"self":[{"href":"https:\/\/shop.kustom.ch\/en\/wp-json\/wp\/v2\/product\/598451"}],"collection":[{"href":"https:\/\/shop.kustom.ch\/en\/wp-json\/wp\/v2\/product"}],"about":[{"href":"https:\/\/shop.kustom.ch\/en\/wp-json\/wp\/v2\/types\/product"}],"wp:featuredmedia":[{"embeddable":true,"href":"https:\/\/shop.kustom.ch\/en\/wp-json\/wp\/v2\/media\/598514"}],"wp:attachment":[{"href":"https:\/\/shop.kustom.ch\/en\/wp-json\/wp\/v2\/media?parent=598451"}],"wp:term":[{"taxonomy":"product_brand","embeddable":true,"href":"https:\/\/shop.kustom.ch\/en\/wp-json\/wp\/v2\/product_brand?post=598451"},{"taxonomy":"product_cat","embeddable":true,"href":"https:\/\/shop.kustom.ch\/en\/wp-json\/wp\/v2\/product_cat?post=598451"},{"taxonomy":"product_tag","embeddable":true,"href":"https:\/\/shop.kustom.ch\/en\/wp-json\/wp\/v2\/product_tag?post=598451"}],"curies":[{"name":"wp","href":"https:\/\/api.w.org\/{rel}","templated":true}]}}

<p>Leichte, tailliert geschnittene Microfleece-Jacke, perfekt als zweite Lage für darunter. Diese Jacke ist Antipilling behandelt und hat ein Stretch-Material an den Innenseiten und den Armen für eine optimale Bewegungsfreiheit. Der verlängerte Rücken schützt den Nierenbereich vor Kälte. Beide Seitentaschen haben Reissverschlüsse. ABSCHLUSS: Verlängerter Rücken. DETAILS: Logo-Aufdruck im Nacken. Stretch-Einsatz an der Seite und den Ärmeln. [&hellip;]</p>
