{"id":597774,"date":"2025-03-05T01:44:40","date_gmt":"2025-03-05T00:44:40","guid":{"rendered":"https:\/\/shop.kustom.ch\/?post_type=product&#038;p=597774"},"modified":"2026-03-31T09:04:45","modified_gmt":"2026-03-31T08:04:45","slug":"high-vis-winterjacke-6","status":"publish","type":"product","link":"https:\/\/shop.kustom.ch\/en\/product\/high-vis-winterjacke-6\/","title":{"rendered":"High Vis winter jacket"},"content":{"rendered":"<p>High-vis winter jacket made from highly durable, water and dirt-repellent stretch fabric on the outside. The jacket has dark-coloured panels in the more dirt-exposed areas. Spacious and ingenious pocket solutions include front pockets, chest pockets with zip, pen holder and mobile phone pocket, as well as two inside pockets, a larger one for gloves and a smaller one with Velcro\u00ae fastening.<\/p>\n<p>CLOSURE: Adjustable waistband with drawstring. Inner cuff with thumb hole. DETAILS: zip in the lining for easy textile finishing. Retractable ID card pocket. Detachable and adjustable hood with warm lining. High collar. Taped seams. FRONT CLOSURE: Double wind flap with Velcro fastening. FUNCTIONALITY: Windproof &amp; waterproof material with breathability, taped seams. Pre-shaped sleeves. MAIN PROPERTIES: Road and construction workers. RIS-3279-TOM . REFLEX: Reflective material on torso, sleeves and shoulders. FABRIC: Available for men and women. High-vis yellow. Waterproof. High visibility. POCKETS: Chest pockets, one with space for mobile phone and pens. Inside pockets, one with mesh. Front pockets with zip, fleece lined. WASHING INSTRUCTIONS: Number of washes: 20, do not iron. CERTIFICATION: EN 342 together with Art. 1885. EN 343, class 4.1. EN ISO 20471, XXS class 1, XS-M class 2, L-&gt; class 3<\/p>\n<p>100% polyester, twill, stretch, coated, waterproof 11,000mm, windproof, breathable Ret 6.3, 150 g\/m\u00b2<\/p>","protected":false},"excerpt":{"rendered":"<p>High-Vis Winterjacke aus sehr haltbarem, wasser- und schmutzabweisendem Stretchstoff aussen. Die Jacke hat in den st\u00e4rker schmutzausgesetzten Bereichen dunkelfarbige Felder. Ger\u00e4umige und ausgekl\u00fcgelte Taschenl\u00f6sungen umfassen Fronttaschen, Brusttaschen mit Reissverschluss, Stifthalter und Handytasche, sowie zwei Innentaschen, eine gr\u00f6ssere f\u00fcr Handschuhe und eine kleinere mit Velcro\u00ae-Verschluss. ABSCHLUSS: Verstellbarer Bund mit Kordelzug. Innenb\u00fcndchen mit Daumenloch. DETAILS: Reissverschluss im [&hellip;]<\/p>\n","protected":false},"featured_media":597808,"template":"","meta":[],"product_brand":[],"product_cat":[4186],"product_tag":[],"class_list":{"0":"post-597774","1":"product","2":"type-product","3":"status-publish","4":"has-post-thumbnail","6":"product_cat-jacken","7":"pa_brand-blaklaeder","8":"pa_brand-type-workwear","9":"pa_filter-color-blau","10":"pa_filter-color-gelb","11":"pa_filter-color-grau","12":"pa_filter-color-orange","13":"pa_filter-color-rot","14":"pa_filter-color-schwarz","16":"first","17":"instock","18":"sale","19":"taxable","20":"shipping-taxable","21":"purchasable","22":"product-type-variable","23":"add-to-wishlist-before_image"},"exclude_global_add_ons":[],"addons":[],"acf":[],"_links":{"self":[{"href":"https:\/\/shop.kustom.ch\/en\/wp-json\/wp\/v2\/product\/597774"}],"collection":[{"href":"https:\/\/shop.kustom.ch\/en\/wp-json\/wp\/v2\/product"}],"about":[{"href":"https:\/\/shop.kustom.ch\/en\/wp-json\/wp\/v2\/types\/product"}],"wp:featuredmedia":[{"embeddable":true,"href":"https:\/\/shop.kustom.ch\/en\/wp-json\/wp\/v2\/media\/597808"}],"wp:attachment":[{"href":"https:\/\/shop.kustom.ch\/en\/wp-json\/wp\/v2\/media?parent=597774"}],"wp:term":[{"taxonomy":"product_brand","embeddable":true,"href":"https:\/\/shop.kustom.ch\/en\/wp-json\/wp\/v2\/product_brand?post=597774"},{"taxonomy":"product_cat","embeddable":true,"href":"https:\/\/shop.kustom.ch\/en\/wp-json\/wp\/v2\/product_cat?post=597774"},{"taxonomy":"product_tag","embeddable":true,"href":"https:\/\/shop.kustom.ch\/en\/wp-json\/wp\/v2\/product_tag?post=597774"}],"curies":[{"name":"wp","href":"https:\/\/api.w.org\/{rel}","templated":true}]}}

<p>High-Vis Winterjacke aus sehr haltbarem, wasser- und schmutzabweisendem Stretchstoff aussen. Die Jacke hat in den stärker schmutzausgesetzten Bereichen dunkelfarbige Felder. Geräumige und ausgeklügelte Taschenlösungen umfassen Fronttaschen, Brusttaschen mit Reissverschluss, Stifthalter und Handytasche, sowie zwei Innentaschen, eine grössere für Handschuhe und eine kleinere mit Velcro®-Verschluss. ABSCHLUSS: Verstellbarer Bund mit Kordelzug. Innenbündchen mit Daumenloch. DETAILS: Reissverschluss im [&hellip;]</p>
