{"id":597737,"date":"2025-03-05T01:44:03","date_gmt":"2025-03-05T00:44:03","guid":{"rendered":"https:\/\/shop.kustom.ch\/?post_type=product&#038;p=597737"},"modified":"2026-03-31T09:04:39","modified_gmt":"2026-03-31T08:04:39","slug":"maler-jacke","status":"publish","type":"product","link":"https:\/\/shop.kustom.ch\/en\/product\/maler-jacke\/","title":{"rendered":"Painter jacket"},"content":{"rendered":"<p>Fibre fur lining in the collar, breast pockets with flap and side pockets with zip and rib-knit cuffs. Front pockets with flap and side pockets. The jacket is adjustable at the waist and has an extended back with pleats. It also has an inside pocket, mobile phone pocket and pen pocket on the arm as well as a zip in the inner lining and D-ring.<\/p>\n<p>CLOSURE: Extended back. Cuffs with inner cuffs. DETAILS: Recessed ID card pocket. Bellows at the back. Metal press studs. High collar with zip. Adjustable waist. FRONT CLOSURE: Concealed metal zip. FUNCTIONALITY: Warmly lined. Pre-shaped sleeves. MAIN PROPERTIES: Bricklayer \/ Tiler. FABRIC: Men's. white. water-repellent. Wind \/ wet \/ cold. POCKETS: Chest pockets with flaps and press studs. Inside pocket with mobile phone pocket. Front pockets with flaps and side pockets. Sleeve pocket with flap. WASHING INSTRUCTIONS: 40\u00b0 C - mild<\/p>\n<p>70% polyester, 30% cotton, twill, water-repellent outer fabric, 230g\/m\u00b2<\/p>","protected":false},"excerpt":{"rendered":"<p>Faserpelzfutter im Kragen, Brusttaschen mit Patte und Seitentaschen mit Reissverschluss und Rippenstrickb\u00fcndchen. Fronttaschen mit Patte und Seitentaschen. Die Jacke ist in der Taille verstellbar und hat einen verl\u00e4ngerten R\u00fccken mit Faltenbalg. Zus\u00e4tzlich hat sie eine Innentasche, Handytasche und Stifttasche am Arm sowie einen Reissverschluss im Innenfutter und D-Ring. ABSCHLUSS: Verl\u00e4ngerter R\u00fccken. \u00c4rmelb\u00fcndchen mit innenliegenden Manschetten. [&hellip;]<\/p>\n","protected":false},"featured_media":597771,"template":"","meta":[],"product_brand":[],"product_cat":[4186],"product_tag":[],"class_list":{"0":"post-597737","1":"product","2":"type-product","3":"status-publish","4":"has-post-thumbnail","6":"product_cat-jacken","7":"pa_brand-blaklaeder","8":"pa_brand-type-workwear","9":"pa_filter-color-grau","10":"pa_filter-color-weiss","12":"first","13":"instock","14":"sale","15":"taxable","16":"shipping-taxable","17":"purchasable","18":"product-type-variable","19":"add-to-wishlist-before_image"},"exclude_global_add_ons":[],"addons":[],"acf":[],"_links":{"self":[{"href":"https:\/\/shop.kustom.ch\/en\/wp-json\/wp\/v2\/product\/597737"}],"collection":[{"href":"https:\/\/shop.kustom.ch\/en\/wp-json\/wp\/v2\/product"}],"about":[{"href":"https:\/\/shop.kustom.ch\/en\/wp-json\/wp\/v2\/types\/product"}],"wp:featuredmedia":[{"embeddable":true,"href":"https:\/\/shop.kustom.ch\/en\/wp-json\/wp\/v2\/media\/597771"}],"wp:attachment":[{"href":"https:\/\/shop.kustom.ch\/en\/wp-json\/wp\/v2\/media?parent=597737"}],"wp:term":[{"taxonomy":"product_brand","embeddable":true,"href":"https:\/\/shop.kustom.ch\/en\/wp-json\/wp\/v2\/product_brand?post=597737"},{"taxonomy":"product_cat","embeddable":true,"href":"https:\/\/shop.kustom.ch\/en\/wp-json\/wp\/v2\/product_cat?post=597737"},{"taxonomy":"product_tag","embeddable":true,"href":"https:\/\/shop.kustom.ch\/en\/wp-json\/wp\/v2\/product_tag?post=597737"}],"curies":[{"name":"wp","href":"https:\/\/api.w.org\/{rel}","templated":true}]}}

<p>Faserpelzfutter im Kragen, Brusttaschen mit Patte und Seitentaschen mit Reissverschluss und Rippenstrickbündchen. Fronttaschen mit Patte und Seitentaschen. Die Jacke ist in der Taille verstellbar und hat einen verlängerten Rücken mit Faltenbalg. Zusätzlich hat sie eine Innentasche, Handytasche und Stifttasche am Arm sowie einen Reissverschluss im Innenfutter und D-Ring. ABSCHLUSS: Verlängerter Rücken. Ärmelbündchen mit innenliegenden Manschetten. [&hellip;]</p>
