{"id":597376,"date":"2025-03-05T01:24:33","date_gmt":"2025-03-05T00:24:33","guid":{"rendered":"https:\/\/shop.kustom.ch\/?post_type=product&#038;p=597376"},"modified":"2026-03-31T09:04:04","modified_gmt":"2026-03-31T08:04:04","slug":"schweisser-jacke","status":"publish","type":"product","link":"https:\/\/shop.kustom.ch\/en\/product\/schweisser-jacke\/","title":{"rendered":"Welder jacket"},"content":{"rendered":"<p>Welder's jacket with reflective details for increased visibility. Comfortable cut with pre-shaped elbows and adjustable cuffs with Velcro fastening. Certified according to EN 1149-5, EN ISO 11611, EN ISO 11612, IEC 61482-2.<\/p>\n<p>CLOSURE: Extended back. Adjustable cuffs with Velcro fastening. DETAILS: D-ring. External certification labels. High collar. FRONT CLOSURE: Concealed metal zip. MAIN FEATURES: Welder. EN 1149-5. REFLEX: Reflective details. FABRIC: Men's. Yellow. Flame retardant. POCKETS: Front pockets with flap and press stud. WASHING INSTRUCTIONS: Suitable for industrial laundry. Do not iron. WASHING: Industrial laundry EN ISO 15797. CERTIFICATION: EN 1149-5. EN ISO 11611 class 2 , A1+A2. EN ISO 11612 A1, A2, B1, C1, E3, F1. IEC 61482-2, APC 1<\/p>\n<p>79% cotton, 20% polyester, 1% antistatic satin, flame-retardant antistatic 450g\/m\u00b2<\/p>","protected":false},"excerpt":{"rendered":"<p>Schweisser Jacke mit Reflexdetails f\u00fcr h\u00f6here Sichtbarkeit. Komfortabler Schnitt mit vorgeformten Ellb\u00f6gen und einstellbarem Armabschluss mit Klettverschluss. Zertifiziert nach EN 1149-5, EN ISO 11611, EN ISO 11612, IEC 61482-2. ABSCHLUSS: Verl\u00e4ngerter R\u00fccken. Verstellbare \u00c4rmelb\u00fcndchen mit Klettverschluss. DETAILS: D-Ring. Aussenliegende Zertifizierungsetiketten. Hoher Kragen. FRONTVERSCHLUSS: Verdeckter Reissverschluss aus Metall. HAUPTEIGENSCHAFTEN: Schweisser. EN 1149-5. REFLEX: Reflektierende Details. STOFF: [&hellip;]<\/p>\n","protected":false},"featured_media":597440,"template":"","meta":[],"product_brand":[],"product_cat":[4186],"product_tag":[],"class_list":{"0":"post-597376","1":"product","2":"type-product","3":"status-publish","4":"has-post-thumbnail","6":"product_cat-jacken","7":"pa_brand-blaklaeder","8":"pa_brand-type-workwear","9":"pa_filter-color-blau","10":"pa_filter-color-gelb","12":"first","13":"instock","14":"sale","15":"taxable","16":"shipping-taxable","17":"purchasable","18":"product-type-variable","19":"add-to-wishlist-before_image"},"exclude_global_add_ons":[],"addons":[],"acf":[],"_links":{"self":[{"href":"https:\/\/shop.kustom.ch\/en\/wp-json\/wp\/v2\/product\/597376"}],"collection":[{"href":"https:\/\/shop.kustom.ch\/en\/wp-json\/wp\/v2\/product"}],"about":[{"href":"https:\/\/shop.kustom.ch\/en\/wp-json\/wp\/v2\/types\/product"}],"wp:featuredmedia":[{"embeddable":true,"href":"https:\/\/shop.kustom.ch\/en\/wp-json\/wp\/v2\/media\/597440"}],"wp:attachment":[{"href":"https:\/\/shop.kustom.ch\/en\/wp-json\/wp\/v2\/media?parent=597376"}],"wp:term":[{"taxonomy":"product_brand","embeddable":true,"href":"https:\/\/shop.kustom.ch\/en\/wp-json\/wp\/v2\/product_brand?post=597376"},{"taxonomy":"product_cat","embeddable":true,"href":"https:\/\/shop.kustom.ch\/en\/wp-json\/wp\/v2\/product_cat?post=597376"},{"taxonomy":"product_tag","embeddable":true,"href":"https:\/\/shop.kustom.ch\/en\/wp-json\/wp\/v2\/product_tag?post=597376"}],"curies":[{"name":"wp","href":"https:\/\/api.w.org\/{rel}","templated":true}]}}

<p>Schweisser Jacke mit Reflexdetails für höhere Sichtbarkeit. Komfortabler Schnitt mit vorgeformten Ellbögen und einstellbarem Armabschluss mit Klettverschluss. Zertifiziert nach EN 1149-5, EN ISO 11611, EN ISO 11612, IEC 61482-2. ABSCHLUSS: Verlängerter Rücken. Verstellbare Ärmelbündchen mit Klettverschluss. DETAILS: D-Ring. Aussenliegende Zertifizierungsetiketten. Hoher Kragen. FRONTVERSCHLUSS: Verdeckter Reissverschluss aus Metall. HAUPTEIGENSCHAFTEN: Schweisser. EN 1149-5. REFLEX: Reflektierende Details. STOFF: [&hellip;]</p>
