{"id":595110,"date":"2025-03-05T00:16:41","date_gmt":"2025-03-04T23:16:41","guid":{"rendered":"https:\/\/shop.kustom.ch\/?post_type=product&#038;p=595110"},"modified":"2026-03-31T08:57:51","modified_gmt":"2026-03-31T07:57:51","slug":"winddichte-fleeceweste","status":"publish","type":"product","link":"https:\/\/shop.kustom.ch\/en\/product\/winddichte-fleeceweste\/","title":{"rendered":"Windproof fleece waistcoat"},"content":{"rendered":"<p>Fleece waistcoat in windproof material with breathability. The waistcoat has front pockets, inside pockets and Cordura\u00ae reinforcements on the shoulders and lower part for better durability. Equipped with reflective details for greater visibility.<\/p>\n<p>CLOSURE: Adjustable waistband with drawstring. DETAILS: D-ring. Fleece-lined collar. FRONT CLOSURE: Concealed, reinforced plastic zip. FUNCTIONALITY: Windproof and breathable. MAIN FEATURES: Craftsman. REFLEX: Reflective details. FABRIC: Men's. black. windproof. Wind \/ wet \/ cold. POCKETS: Chest pocket with zip. Front pockets with zip and two inside pockets. WASHING INSTRUCTIONS: 40\u00b0 C. REINFORCEMENT: CORDURA\u00ae-reinforced collar, shoulders, hem and wind flap<\/p>\n<p>100% polyester, fleece, laminated, wind and waterproof, breathable, 280 g\/m\u00b2<\/p>","protected":false},"excerpt":{"rendered":"<p>Fleece Weste aus winddichtem Material mit Atmungsfunktion. Die Weste hat Vordertaschen, Innentaschen und Cordura\u00ae-Verst\u00e4rkungen an den Schultern und am unteren Teil f\u00fcr bessere Best\u00e4ndigkeit. Ausgestattet mit Reflex Details f\u00fcr h\u00f6here Sichtbarkeit. ABSCHLUSS: Verstellbarer Bund mit Kordelzug. DETAILS: D-Ring. Fleecegef\u00fctterter Kragen. FRONTVERSCHLUSS: Verdeckter, verst\u00e4rkter Reissverschluss aus Kunststoff. FUNKTIONALIT\u00c4T: Winddicht und atmungsaktiv. HAUPTEIGENSCHAFTEN: Handwerker. REFLEX: Reflektierende Details. [&hellip;]<\/p>\n","protected":false},"featured_media":595137,"template":"","meta":[],"product_brand":[],"product_cat":[4208],"product_tag":[],"class_list":{"0":"post-595110","1":"product","2":"type-product","3":"status-publish","4":"has-post-thumbnail","6":"product_cat-westen","7":"pa_brand-blaklaeder","8":"pa_brand-type-workwear","9":"pa_filter-color-schwarz","11":"first","12":"instock","13":"sale","14":"taxable","15":"shipping-taxable","16":"purchasable","17":"product-type-variable","18":"add-to-wishlist-before_image"},"exclude_global_add_ons":[],"addons":[],"acf":[],"_links":{"self":[{"href":"https:\/\/shop.kustom.ch\/en\/wp-json\/wp\/v2\/product\/595110"}],"collection":[{"href":"https:\/\/shop.kustom.ch\/en\/wp-json\/wp\/v2\/product"}],"about":[{"href":"https:\/\/shop.kustom.ch\/en\/wp-json\/wp\/v2\/types\/product"}],"wp:featuredmedia":[{"embeddable":true,"href":"https:\/\/shop.kustom.ch\/en\/wp-json\/wp\/v2\/media\/595137"}],"wp:attachment":[{"href":"https:\/\/shop.kustom.ch\/en\/wp-json\/wp\/v2\/media?parent=595110"}],"wp:term":[{"taxonomy":"product_brand","embeddable":true,"href":"https:\/\/shop.kustom.ch\/en\/wp-json\/wp\/v2\/product_brand?post=595110"},{"taxonomy":"product_cat","embeddable":true,"href":"https:\/\/shop.kustom.ch\/en\/wp-json\/wp\/v2\/product_cat?post=595110"},{"taxonomy":"product_tag","embeddable":true,"href":"https:\/\/shop.kustom.ch\/en\/wp-json\/wp\/v2\/product_tag?post=595110"}],"curies":[{"name":"wp","href":"https:\/\/api.w.org\/{rel}","templated":true}]}}

<p>Fleece Weste aus winddichtem Material mit Atmungsfunktion. Die Weste hat Vordertaschen, Innentaschen und Cordura®-Verstärkungen an den Schultern und am unteren Teil für bessere Beständigkeit. Ausgestattet mit Reflex Details für höhere Sichtbarkeit. ABSCHLUSS: Verstellbarer Bund mit Kordelzug. DETAILS: D-Ring. Fleecegefütterter Kragen. FRONTVERSCHLUSS: Verdeckter, verstärkter Reissverschluss aus Kunststoff. FUNKTIONALITÄT: Winddicht und atmungsaktiv. HAUPTEIGENSCHAFTEN: Handwerker. REFLEX: Reflektierende Details. [&hellip;]</p>
